mainder when 132 is divided by 60.
12
Calculate the remainder when 20 is divided by 15.
5
Calculate the remainder when 15957 is divided by 57.
54
What is the remainder when 308 is divided by 150?
8
What is the remainder when 101 is divided by 85?
16
Calculate the remainder when 555 is divided by 146.
117
What is the remainder when 51 is divided by 21?
9
Calculate the remainder when 87 is divided by 37.
13
Calculate the remainder when 288 is divided by 147.
141
What is the remainder when 17 is divided by 17?
0
Calculate the remainder when 5393 is divided by 284.
281
Calculate the remainder when 47 is divided by 12.
11
What is the remainder when 1050 is divided by 31?
27
Calculate the remainder when 5 is divided by 2.
1
What is the remainder when 471 is divided by 161?
149
What is the remainder when 178 is divided by 46?
40
Calculate the remainder when 675 is divided by 10.
5
Calculate the remainder when 80 is divided by 38.
4
What is the remainder when 285 is divided by 96?
93
What is the remainder when 40134 is divided by 8?
6
Calculate the remainder when 504 is divided by 487.
17
What is the remainder when 1005 is divided by 91?
4
Calculate the remainder when 249 is divided by 13.
2
What is the remainder when 668 is divided by 7?
3
What is the remainder when 768 is divided by 155?
148
What is the remainder when 658 is divided by 37?
29
What is the remainder when 904 is divided by 165?
79
What is the remainder when 258 is divided by 83?
9
Calculate the remainder when 7445 is divided by 98.
95
Calculate the remainder when 2922 is divided by 56.
10
Calculate the remainder when 1797 is divided by 25.
22
What is the remainder when 318 is divided by 21?
3
Calculate the remainder when 453 is divided by 35.
33
Calculate the remainder when 1148 is divided by 33.
26
What is the remainder when 1348 is divided by 49?
25
What is the remainder when 12237 is divided by 80?
77
What is the remainder when 987 is divided by 26?
25
What is the remainder when 44 is divided by 26?
18
What is the remainder when 232 is divided by 34?
28
What is the remainder when 538 is divided by 108?
106
What is the remainder when 31 is divided by 20?
11
What is the remainder when 2426 is divided by 11?
6
Calculate the remainder when 168 is divided by 59.
50
What is the remainder when 177 is divided by 46?
39
Calculate the remainder when 147 is divided by 81.
66
What is the remainder when 790 is divided by 22?
20
Calculate the remainder when 511 is divided by 16.
15
Calculate the remainder when 1323 is divided by 188.
7
What is the remainder when 209 is divided by 21?
20
What is the remainder when 5381 is divided by 8?
5
What is the remainder when 96 is divided by 85?
11
What is the remainder when 215 is divided by 12?
11
What is the remainder when 1086 is divided by 83?
7
What is the remainder when 219 is divided by 57?
48
Calculate the remainder when 1063 is divided by 71.
69
What is the remainder when 72448 is divided by 42?
40
Calculate the remainder when 64 is divided by 4.
0
Calculate the remainder when 1585 is divided by 69.
67
Calculate the remainder when 516 is divided by 32.
4
Calculate the remainder when 87 is divided by 20.
7
What is the remainder when 118 is divided by 46?
26
Calculate the remainder when 161 is divided by 77.
7
What is the remainder when 6 is divided by 4?
2
What is the remainder when 4597 is divided by 23?
20
What is the remainder when 7 is divided by 1?
0
What is the remainder when 155 is divided by 26?
25
What is the remainder when 725 is divided by 125?
100
What is the remainder when 1544 is divided by 11?
4
What is the remainder when 1459 is divided by 67?
52
Calculate the remainder when 2966 is divided by 9.
5
Calculate the remainder when 1740 is divided by 109.
105
Calculate the remainder when 79 is divided by 30.
19
What is the remainder when 3037 is divided by 4?
1
What is the remainder when 332 is divided by 67?
64
Calculate the remainder when 1458 is divided by 1417.
41
What is the remainder when 1006 is divided by 21?
19
What is the remainder when 270 is divided by 71?
57
Calculate the remainder when 1696 is divided by 189.
184
Calculate the remainder when 3043 is divided by 7.
5
Calculate the remainder when 10799 is divided by 16.
15
What is the remainder when 126 is divided by 20?
6
Calculate the remainder when 1214 is divided by 242.
4
Calculate the remainder when 480 is divided by 70.
60
What is the remainder when 684 is divided by 14?
12
What is the remainder when 141 is divided by 13?
11
What is the remainder when 3548 is divided by 7?
6
Calculate the remainder when 779 is divided by 17.
14
Calculate the remainder when 338 is divided by 58.
48
Calculate the remainder when 55 is divided by 48.
7
What is the remainder when 297 is divided by 27?
0
What is the remainder when 709 is divided by 109?
55
What is the remainder when 184 is divided by 47?
43
What is the remainder when 305 is divided by 98?
11
Calculate the remainder when 732 is divided by 170.
52
Calculate the remainder when 147 is divided by 5.
2
What is the remainder when 979 is divided by 188?
39
What is the remainder when 165 is divided by 85?
80
Calculate the remainder when 772 is divided by 376.
20
Calculate the remainder when 428 is divided by 217.
211
Calculate the remainder when 202 is divided by 73.
56
Calculate the remainder when 1347 is divided by 9.
6
Calculate the remainder when 2683 is divided by 206.
5
Calculate the remainder when 1178 is divided by 8.
2
What is the remainder when 256 is divided by 87?
82
Calculate the remainder when 231 is divided by 7.
0
Calculate the remainder when 296 is divided by 112.
72
What is the remainder when 317 is divided by 3?
2
What is the remainder when 314 is divided by 60?
14
What is the remainder when 70 is divided by 20?
10
What is the remainder when 233 is divided by 92?
49
What is the remainder when 433 is divided by 109?
106
Calculate the remainder when 152 is divided by 17.
16
Calculate the remainder when 33 is divided by 9.
6
What is the remainder when 9886 is divided by 25?
11
What is the remainder when 422 is divided by 47?
46
Calculate the remainder when 216 is divided by 17.
12
Calculate the remainder when 104 is divided by 19.
9
Calculate the remainder when 225 is divided by 19.
16
Calculate the remainder when 3890 is divided by 28.
26
Calculate the remainder when 69 is divided by 35.
34
What is the remainder when 241 is divided by 29?
9
What is the remainder when 151 is divided by 26?
21
Calculate the remainder when 84 is divided by 24.
12
Calculate the remainder when 370 is divided by 142.
86
Calculate the remainder when 1728 is divided by 192.
0
What is the remainder when 703 is divided by 17?
6
Calculate the remainder when 23903 is divided by 8.
7
What is the remainder when 107 is divided by 12?
11
Calculate the remainder when 1191 is divided by 241.
227
Calculate the remainder when 57 is divided by 21.
15
Calculate the remainder when 82 is divided by 50.
32
What is the remainder when 1756 is divided by 11?
7
What is the remainder when 397 is divided by 7?
5
Calculate the remainder when 1362 is divided by 15.
12
Calculate the remainder when 817 is divided by 161.
12
Calculate the remainder when 900 is divided by 43.
40
What is the remainder when 440 is divided by 80?
40
Calculate the remainder when 5661 is divided by 189.
180
Calculate the remainder when 479 is divided by 115.
19
Calculate the remainder when 2291 is divided by 37.
34
Calculate the remainder when 48640 is divided by 66.
64
Calculate the remainder when 201 is divided by 112.
89
Calculate the remainder when 492 is divided by 82.
0
What is the remainder when 82 is divided by 48?
34
Calculate the remainder when 5116 is divided by 340.
16
Calculate the remainder when 3363 is divided by 17.
14
Calculate the remainder when 391 is divided by 82.
63
What is the remainder when 800 is divided by 42?
2
Calculate the remainder when 371 is divided by 26.
7
What is the remainder when 17880 is divided by 43?
35
Calculate the remainder when 1217 is divided by 87.
86
Calculate the remainder when 60 is divided by 10.
0
What is the remainder when 1822 is divided by 136?
54
Calculate the remainder when 339 is divided by 57.
54
What is the remainder when 232 is d